+ 217. Calculate the greatest common factor of k and 54.
18
Suppose 0 = -4*s - 5*j + 37828, -s - 170*j = -174*j - 9457. Calculate the highest common factor of s and 386.
193
Let u(n) = -n**3 + 10*n**2 + 53*n - 215. Let c be u(-9). Calculate the greatest common factor of c and 8591.
121
Let w be 28462/171 + 16/(-36). Calculate the highest common factor of w and 830.
166
Suppose 70*a - 74*a = -8. Let i be (-3 - -2*(-75)/(-10))/a. What is the highest common divisor of i and 18?
6
Suppose -3*v = 6, -3*v + 994 = 4*x - 0*x. Let b = x + -242. Calculate the greatest common divisor of 104 and b.
8
Let s = -45 + 59. Let r(i) = s - 26*i + 11 - 17. Let q be r(-2). What is the highest common divisor of 90 and q?
30
Suppose 0 = -16*z + 5 + 471 + 20. Calculate the highest common factor of z and 7099.
31
Suppose 0 = -7*t + 10*t - 240. Let n = 616 - 566. Calculate the highest common factor of n and t.
10
Let n(g) = -g**3 + 16*g**2 + 25*g + 34. Let j be n(18). Let p = j + 169. Calculate the highest common factor of 5 and p.
5
Let j(k) = 4*k**2 - 3*k - 26. Let g be j(-19). Suppose -331*s - 1003 = -348*s. Calculate the greatest common divisor of s and g.
59
Let t(d) = -417*d + 7217. Let c be t(17). What is the highest common divisor of c and 112?
16
Suppose -2*o + 16*l - 14*l + 446 = 0, -2*o + 449 = -3*l. Let a(m) = -3*m + 57. Let d be a(9). What is the highest common divisor of d and o?
10
Let b be (-15)/35 - 318396/(-182). Calculate the highest common divisor of 33 and b.
33
Let f(v) = -53*v**2 + 329*v + 4. Let w be f(6). Calculate the greatest common factor of w and 8834.
14
Suppose 3*c = 5*x - 11 + 2, 4*x - 4*c = 4. Suppose -4*s - 13 = -0*y + y, x*y + 5*s = -11. Suppose y*q = 7 + 5. What is the highest common factor of 12 and q?
4
Suppose 11704*q + 949 = 11717*q. What is the highest common factor of 803 and q?
73
Let i = 23 - -13. Let r be -3*2*2*(-9)/i. What is the greatest common divisor of r and 51?
3
Suppose 62*t - 1075 - 6365 = 0. Calculate the highest common divisor of 280 and t.
40
Suppose 89*s = s + 24024. Calculate the greatest common factor of s and 312.
39
Suppose -349*d + 3567 = -346*d. Calculate the highest common factor of d and 29.
29
Let v be (30*-3)/(-6)*(-13)/(26/(-28)). Calculate the greatest common factor of v and 1750.
70
Let s = -480 - -486. Let p be (1 + 10/(-20))*s. Suppose -16 = -c - 3*b, 0 = -c + 2*b - 7*b + 26. What is the highest common factor of c and p?
1
Suppose -31*z + 761 = 203. Suppose -10 = 5*m, z = 5*v - 4*m - 40. Let f be (-361)/(-4) - (-1)/(-4). What is the highest common factor of f and v?
10
Suppose 5*t = -2*d - d + 5175, 0 = 2*d - 10. What is the greatest common divisor of t and 16?
8
Suppose -14 + 38 = 6*p. Suppose p*a - 10 = 6. Suppose -j - 56 = -a*i, 5*i - 70 = j + 2*j. What is the greatest common divisor of 14 and i?
14
Let p be 481/(-91) + 5 + 275*(-2)/(-14). Calculate the highest common divisor of p and 32721.
39
Suppose 46*z + 11058 = 160*z. What is the highest common divisor of z and 2231?
97
Suppose 1554 + 3916 = 40*b - 130. What is the greatest common divisor of 105 and b?
35
Let f = -10692 - -11008. Calculate the greatest common divisor of f and 237.
79
Suppose 4*w - 20 = 3*y, 0*y = w - 2*y - 10. Suppose -2*j + 2 = 0, 4*j = w*c + 159 - 493. Calculate the highest common divisor of 52 and c.
13
Suppose 5*r - 2*n = 515, -4*n + 54 = -3*r + 349. Suppose 4*j = 4*d + 3*j - 146, -3*j + 6 = 0. Let i = d + -7. What is the highest common divisor of i and r?
15
Let x be (-1016)/(-20) - (-2 + (-44)/(-55)). What is the greatest common divisor of x and 7046?
26
Let x(q) = -19*q - 146. Let h(c) = -9*c - 26. Let k be h(-2). Let p be x(k). Let i be 1 + 1 + 0 + 0. What is the greatest common factor of i and p?
2
Let m be (1/2 - (-2)/(-4))/(-1). Suppose m = -v + 3 - 1. Suppose 0 = -v*n - 3*n + 855. What is the greatest common divisor of 19 and n?
19
Let z(q) be the first derivative of -5/2*q**2 - 1/4*q**4 + 7/3*q**3 - 14 + 0*q. Let l be z(6). Calculate the greatest common factor of l and 2.
2
Suppose 131*s - 110*s - 203049 = 0. What is the highest common factor of 33 and s?
33
Let z be (-37026)/(-85) + 3/(-5). Let y = z + -344. What is the greatest common factor of 182 and y?
91
Let n(p) = 1654*p - 546. Let i be n(3). Calculate the greatest common divisor of i and 144.
48
Suppose 153 = 4*h + 5*j, -5*h + 136 = -j - 19. What is the highest common divisor of 504 and h?
8
Let i(h) = 3*h**2 + 4*h - 4. Let l be i(3). Let v(j) = j**3 + 34*j**2 + 247*j - 7. Let b be v(-14). What is the greatest common factor of l and b?
35
Let i = 10801 - 10737. Calculate the greatest common factor of i and 26816.
64
Let c(t) = t**2 - 9*t - 1. Let i be (-1924)/(-195) + (-2)/(-15). Let w be c(i). Suppose 8*o + w*o - 306 = 0. What is the greatest common divisor of o and 45?
9
Suppose -8*m + 3240 = 64*m. What is the greatest common factor of m and 54?
9
Let r(v) = 4*v**2 + 10*v - 24. Let j be r(8). Let w = -54 + j. What is the greatest common factor of w and 344?
86
Suppose 42*k + 51*k - 25764 = -20*k. What is the highest common divisor of 84 and k?
12
Let p = 164 + -158. Let q be p - (32/112 - 18/14). What is the greatest common factor of 203 and q?
7
Suppose -2*p + 26 + 8 = 0. Let u = 11 - p. Let g be 4*3/u + 22. What is the highest common divisor of 20 and g?
20
Suppose 6*v = 117009 - 115029. Calculate the highest common factor of 174 and v.
6
Suppose -2*z = 3*z - 2*t - 110, 0 = 3*t + 15. Suppose 156 + 439 = -17*y. Let p be (4 + y/7)*-15. What is the greatest common factor of p and z?
5
Let m(s) = s**3 - 12*s**2 - 24*s - 29. Let b be m(14). Suppose -58 = -b*k - 4. What is the highest common divisor of k and 84?
2
Let l = 18038 + -16848. Calculate the highest common divisor of 84 and l.
14
Let f be -6*(325/(-312) - (-6)/16). Suppose -17*l - 65 = -f*l. Let y be (-238)/(-6) - l*2/(-15). Calculate the highest common divisor of 351 and y.
39
Let o(h) = 507*h + 3619. Let l be o(-7). What is the greatest common divisor of l and 14?
14
Let a = 4685 + 970. Calculate the highest common factor of 174 and a.
87
Suppose 4*q + 135 = 19*q. Let n(u) = 5*u + 33. Let h be n(-8). Let v(a) = -a**3 - 7*a**2 - 6*a - 6. Let d be v(h). What is the highest common factor of q and d?
9
Suppose 0 = b - y - 161, -b + 252 = y + 97. Let h = -142 + b. Suppose -3*d + 4*c + 116 = 0, -d - 2*c = 2*c - 44. What is the highest common factor of d and h?
8
Suppose -5*b = 2*m - 2459, 4995 = 42*m - 38*m - b. What is the highest common divisor of m and 86?
43
Let l(m) = m**3 - 15*m**2 + 10*m - 6. Let n be l(15). Let i be n/(-21)*147/(-14). Suppose -108 = -387*y + 381*y. Calculate the highest common factor of y and i.
18
Let d = -1015 - -514. Let v = d + 509. Let g be -2 - (-1)/(1/66). Calculate the highest common factor of g and v.
8
Let z = 3138 - 2853. What is the greatest common divisor of z and 135?
15
Suppose -4*y = -d - 33, d + 60 = -y - 4*y. Let t = -30 - d. Suppose a = 5*n - 295, 6*a - 2*a = 3*n - 160. What is the highest common divisor of n and t?
15
Suppose 10*b + 808 - 876 = -7*b. Calculate the greatest common factor of b and 15524.
4
Suppose -4*b - 13*x + 1392 = -9*x, 3*x = 3*b - 1032. Let r = b - 326. Calculate the highest common factor of r and 50.
10
Let a(j) = 6*j**3 + 5*j - 33. Let d be a(4). What is the greatest common factor of d and 70?
7
Suppose -d + 32 = 3*d. Let y = d + -2. Suppose 12*u - 56 = 160. Calculate the highest common divisor of u and y.
6
Let a be (3/4)/((-4)/(-496)). Suppose 1290 = 4*y + 5*i, 67*i + 300 = y + 66*i. Calculate the highest common divisor of a and y.
31
Suppose 42 = 3*i, -5*m + 11*i - 19*i + 1855 = -3*i. Let u = 60 + 24. What is the greatest common divisor of u and m?
21
Suppose 32*y - 12055 + 155 = -108*y. What is the highest common divisor of 3145 and y?
85
Let m(g) = 24*g - 1. Let q be m(1). Let a = 193 + -335. Let k = 111 - a. What is the highest common factor of k and q?
23
Suppose -29716 = -41*u - 35*u. What is the greatest common factor of 23 and u?
23
Let g be 2 + 1 + 0 - 0. Suppose g*w = 149 + 55. Suppose -1904 = -3*l - 109*l. Calculate the highest common divisor of l and w.
17
Suppose 2*g - 2*k + 31 + 65 = 0, 0 = g + 2*k + 33. Let y = 39 + g. Let i be 2/y*-24 + -1. What is the highest common factor of 88 and i?
11
Suppose -11*j + 427